{"id":19336,"date":"2025-11-20T11:29:11","date_gmt":"2025-11-20T11:29:11","guid":{"rendered":"https:\/\/chitilahub.ro\/?page_id=19336"},"modified":"2025-11-20T11:50:41","modified_gmt":"2025-11-20T11:50:41","slug":"evenimente","status":"publish","type":"page","link":"https:\/\/chitilahub.ro\/?page_id=19336","title":{"rendered":"Evenimente"},"content":{"rendered":"\t\t<div data-elementor-type=\"wp-page\" data-elementor-id=\"19336\" class=\"elementor elementor-19336\">\n\t\t\t\t<div class=\"elementor-element elementor-element-66ca429 e-flex e-con-boxed e-con e-parent\" data-id=\"66ca429\" data-element_type=\"container\">\n\t\t\t\t\t<div class=\"e-con-inner\">\n\t\t\t\t<div class=\"elementor-element elementor-element-532c2e4 elementor-widget elementor-widget-ova_events\" data-id=\"532c2e4\" data-element_type=\"widget\" data-widget_type=\"ova_events.default\">\n\t\t\t\t<div class=\"elementor-widget-container\">\n\t\t\t\t\t\n<div class=\"ovaev-event-element version_2\" >\n\n\t\n\t\t\t<div class=\"title-readmore\">\n\t\t\t\t\t\t\t<h2 class=\"title-event\">\n\t\t\t\t\t\t\t\t\t<\/h2>\n\t\t\t\n\t\t\t\t\t<\/div>\n\t\n\n\t\n\t\t<div class=\"container-event\">\n\t\t\t<div id=\"main-event\" class=\"content-event\">\n\t\t\t\t<div class=\"archive_event col3 vertical\">\n\n\t\t\t\t\t\t\t\t\t\t\t\n<div class=\"ovaev-content\">\n\t<div class=\"type1\">\n\t\t<div class=\"desc\">\n\t\t\t\t<div class=\"event-thumbnail \">\t\n\n\t\t<img fetchpriority=\"high\" decoding=\"async\" width=\"600\" height=\"400\" src=\"https:\/\/chitilahub.ro\/wp-content\/uploads\/2025\/11\/571010474_122094030447095660_3309234397545326529_n-600x400.jpg\" class=\"attachment-ovaev_event_thumbnail size-ovaev_event_thumbnail wp-post-image\" alt=\"\" srcset=\"https:\/\/chitilahub.ro\/wp-content\/uploads\/2025\/11\/571010474_122094030447095660_3309234397545326529_n-600x400.jpg 600w, https:\/\/chitilahub.ro\/wp-content\/uploads\/2025\/11\/571010474_122094030447095660_3309234397545326529_n-450x300.jpg 450w\" sizes=\"(max-width: 600px) 100vw, 600px\" \/>\t<\/div>\n\n\t\t\t<div class=\"event_post\">\n\t\t\t\t\t                <div class=\"meta-event\">\n\t\t\t\t    \n<div class=\"time equal-date\">\n\t<span class=\"icon-time\">\n\t\t<i class=\"fas fa-clock icon_event\" aria-hidden=\"true\"><\/i>\n\t<\/span>\n\t\t\t<span class=\"time-date-child\">\n\t\t\t<span class=\"date-child\">\n\t\t\t\t\t\t\t<\/span>\n\t\t\t<span>\n\t\t\t\t16:56\t\t\t<\/span>\n\t\t<\/span>\n\t<\/div>\t<div class=\"venue\">\n\t\t<i class=\"fas fa-map-marker-alt icon_event\" aria-hidden=\"true\"><\/i>\n\t\t<span class=\"number\">\n\t\t\tScoala Gimnazial\u0103 nr.2 Chitila\t\t<\/span>\n\t<\/div>\n\t                <\/div>\t\n\t            \n<h2 class=\"second_font event_title\">\n\tConsultare cu copii cu v\u00e2rste cuprinse \u00eentre 10\u201314 ani \u0219i ateliere de co-crea\u021bie \u2013 ora urmeaz\u0103 s\u0103 fie stabilit\u0103 \u00een func\u021bie de programul copiilor;\n\t<\/h2>\t\t\t<\/div>\n\t\t<\/div>\n\t<\/div>\n<\/div>\t\t\t\t\t\t\t\t\t\t\t\n<div class=\"ovaev-content\">\n\t<div class=\"type1\">\n\t\t<div class=\"desc\">\n\t\t\t\t<div class=\"event-thumbnail \">\t\n\n\t\t\t<div class=\"date-event\">\n\t\t<span class=\"date\">\n\t\t\t06\t\t<\/span>\n\t\t<span class=\"month\">\n\t\t\tDec\t\t<\/span>\n\t<\/div>\n<img decoding=\"async\" width=\"600\" height=\"400\" src=\"https:\/\/chitilahub.ro\/wp-content\/uploads\/2025\/11\/574572381_122099972175095660_5960478495161763896_n-600x400.jpg\" class=\"attachment-ovaev_event_thumbnail size-ovaev_event_thumbnail wp-post-image\" alt=\"\" srcset=\"https:\/\/chitilahub.ro\/wp-content\/uploads\/2025\/11\/574572381_122099972175095660_5960478495161763896_n-600x400.jpg 600w, https:\/\/chitilahub.ro\/wp-content\/uploads\/2025\/11\/574572381_122099972175095660_5960478495161763896_n-450x300.jpg 450w\" sizes=\"(max-width: 600px) 100vw, 600px\" \/>\t<\/div>\n\n\t\t\t<div class=\"event_post\">\n\t\t\t\t\t                <div class=\"meta-event\">\n\t\t\t\t    \n<div class=\"time equal-date\">\n\t<span class=\"icon-time\">\n\t\t<i class=\"fas fa-clock icon_event\" aria-hidden=\"true\"><\/i>\n\t<\/span>\n\t\t\t<span class=\"time-date-child\">\n\t\t\t<span class=\"date-child\">\n\t\t\t\tSat\t\t\t<\/span>\n\t\t\t<span>\n\t\t\t\t11:00\t\t\t<\/span>\n\t\t<\/span>\n\t<\/div>\t<div class=\"venue\">\n\t\t<i class=\"fas fa-map-marker-alt icon_event\" aria-hidden=\"true\"><\/i>\n\t\t<span class=\"number\">\n\t\t\tScoala Gimnazial\u0103 nr.2 Chitila\t\t<\/span>\n\t<\/div>\n\t                <\/div>\t\n\t            \n<h2 class=\"second_font event_title\">\n\tConsultare cu locuitorii din ora\u0219ul Chitila \u0219i ateliere de co-crea\u021bie\n\t<\/h2>\t\t\t<\/div>\n\t\t<\/div>\n\t<\/div>\n<\/div>\t\t\t\t\t\t\t\t\t\t\t\n<div class=\"ovaev-content\">\n\t<div class=\"type1\">\n\t\t<div class=\"desc\">\n\t\t\t\t<div class=\"event-thumbnail \">\t\n\n\t\t\t<div class=\"date-event\">\n\t\t<span class=\"date\">\n\t\t\t07\t\t<\/span>\n\t\t<span class=\"month\">\n\t\t\tDec\t\t<\/span>\n\t<\/div>\n<img decoding=\"async\" width=\"512\" height=\"400\" src=\"https:\/\/chitilahub.ro\/wp-content\/uploads\/2025\/11\/cropped-NEB_logo_negative_small_3-512x400.png\" class=\"attachment-ovaev_event_thumbnail size-ovaev_event_thumbnail wp-post-image\" alt=\"\" \/>\t<\/div>\n\n\t\t\t<div class=\"event_post\">\n\t\t\t\t\t                <div class=\"meta-event\">\n\t\t\t\t    \n<div class=\"time equal-date\">\n\t<span class=\"icon-time\">\n\t\t<i class=\"fas fa-clock icon_event\" aria-hidden=\"true\"><\/i>\n\t<\/span>\n\t\t\t<span class=\"time-date-child\">\n\t\t\t<span class=\"date-child\">\n\t\t\t\tSun\t\t\t<\/span>\n\t\t\t<span>\n\t\t\t\t11:00\t\t\t<\/span>\n\t\t<\/span>\n\t<\/div>\t<div class=\"venue\">\n\t\t<i class=\"fas fa-map-marker-alt icon_event\" aria-hidden=\"true\"><\/i>\n\t\t<span class=\"number\">\n\t\t\tScoala Gimnazial\u0103 nr.2 Chitila\t\t<\/span>\n\t<\/div>\n\t                <\/div>\t\n\t            \n<h2 class=\"second_font event_title\">\n\tConsultare cu actorii urbani relevan\u021bi din domeniul cultural \u0219i ateliere de co-crea\u021bie\n\t<\/h2>\t\t\t<\/div>\n\t\t<\/div>\n\t<\/div>\n<\/div>\t\t\t\t\t\t\t\t\t\t\t\n<div class=\"ovaev-content\">\n\t<div class=\"type1\">\n\t\t<div class=\"desc\">\n\t\t\t\t<div class=\"event-thumbnail \">\t\n\n\t\t\t<div class=\"date-event\">\n\t\t<span class=\"date\">\n\t\t\t07\t\t<\/span>\n\t\t<span class=\"month\">\n\t\t\tDec\t\t<\/span>\n\t<\/div>\n<img fetchpriority=\"high\" decoding=\"async\" width=\"600\" height=\"400\" src=\"https:\/\/chitilahub.ro\/wp-content\/uploads\/2025\/11\/571010474_122094030447095660_3309234397545326529_n-600x400.jpg\" class=\"attachment-ovaev_event_thumbnail size-ovaev_event_thumbnail wp-post-image\" alt=\"\" srcset=\"https:\/\/chitilahub.ro\/wp-content\/uploads\/2025\/11\/571010474_122094030447095660_3309234397545326529_n-600x400.jpg 600w, https:\/\/chitilahub.ro\/wp-content\/uploads\/2025\/11\/571010474_122094030447095660_3309234397545326529_n-450x300.jpg 450w\" sizes=\"(max-width: 600px) 100vw, 600px\" \/>\t<\/div>\n\n\t\t\t<div class=\"event_post\">\n\t\t\t\t\t                <div class=\"meta-event\">\n\t\t\t\t    \n<div class=\"time equal-date\">\n\t<span class=\"icon-time\">\n\t\t<i class=\"fas fa-clock icon_event\" aria-hidden=\"true\"><\/i>\n\t<\/span>\n\t\t\t<span class=\"time-date-child\">\n\t\t\t<span class=\"date-child\">\n\t\t\t\tSun\t\t\t<\/span>\n\t\t\t<span>\n\t\t\t\t16:30\t\t\t<\/span>\n\t\t<\/span>\n\t<\/div>\t<div class=\"venue\">\n\t\t<i class=\"fas fa-map-marker-alt icon_event\" aria-hidden=\"true\"><\/i>\n\t\t<span class=\"number\">\n\t\t\tScoala Gimnazial\u0103 nr.2 Chitila\t\t<\/span>\n\t<\/div>\n\t                <\/div>\t\n\t            \n<h2 class=\"second_font event_title\">\n\tConsultare cu mediul de afaceri local \u0219i ateliere de co-crea\u021bie\n\t<\/h2>\t\t\t<\/div>\n\t\t<\/div>\n\t<\/div>\n<\/div>\t\t\t\t\t\n\t\t\t\t<\/div>\n\t\t\t<\/div>\n\t\t<\/div>\n\n\t\n<\/div>\t\t\t\t<\/div>\n\t\t\t\t<\/div>\n\t\t\t\t\t<\/div>\n\t\t\t\t<\/div>\n\t\t\t\t<\/div>\n\t\t","protected":false},"excerpt":{"rendered":"<p>11:50 Scoala Gimnazial\u0103 nr.2 Chitila Consultare cu copii cu v\u00e2rste cuprinse \u00eentre 10\u201314 ani \u0219i ateliere de co-crea\u021bie \u2013 ora urmeaz\u0103 s\u0103 fie stabilit\u0103 \u00een func\u021bie de programul copiilor; 06 Dec Sat 11:00 Scoala Gimnazial\u0103 nr.2 Chitila Consultare cu locuitorii din ora\u0219ul Chitila \u0219i ateliere de co-crea\u021bie 07 Dec Sun 11:00 Scoala Gimnazial\u0103 nr.2 Chitila [&hellip;]<\/p>\n","protected":false},"author":1,"featured_media":0,"parent":0,"menu_order":0,"comment_status":"closed","ping_status":"closed","template":"","meta":{"give_campaign_id":0,"footnotes":""},"class_list":["post-19336","page","type-page","status-publish","hentry"],"yoast_head":"<!-- This site is optimized with the Yoast SEO plugin v26.3 - https:\/\/yoast.com\/wordpress\/plugins\/seo\/ -->\n<title>Evenimente - ChitillaHUB<\/title>\n<meta name=\"robots\" content=\"index, follow, max-snippet:-1, max-image-preview:large, max-video-preview:-1\" \/>\n<link rel=\"canonical\" href=\"https:\/\/chitilahub.ro\/?page_id=19336\" \/>\n<meta property=\"og:locale\" content=\"en_US\" \/>\n<meta property=\"og:type\" content=\"article\" \/>\n<meta property=\"og:title\" content=\"Evenimente - ChitillaHUB\" \/>\n<meta property=\"og:description\" content=\"11:50 Scoala Gimnazial\u0103 nr.2 Chitila Consultare cu copii cu v\u00e2rste cuprinse \u00eentre 10\u201314 ani \u0219i ateliere de co-crea\u021bie \u2013 ora urmeaz\u0103 s\u0103 fie stabilit\u0103 \u00een func\u021bie de programul copiilor; 06 Dec Sat 11:00 Scoala Gimnazial\u0103 nr.2 Chitila Consultare cu locuitorii din ora\u0219ul Chitila \u0219i ateliere de co-crea\u021bie 07 Dec Sun 11:00 Scoala Gimnazial\u0103 nr.2 Chitila [&hellip;]\" \/>\n<meta property=\"og:url\" content=\"https:\/\/chitilahub.ro\/?page_id=19336\" \/>\n<meta property=\"og:site_name\" content=\"ChitillaHUB\" \/>\n<meta property=\"article:modified_time\" content=\"2025-11-20T11:50:41+00:00\" \/>\n<meta property=\"og:image\" content=\"https:\/\/chitilahub.ro\/wp-content\/uploads\/2025\/11\/571010474_122094030447095660_3309234397545326529_n-600x400.jpg\" \/>\n<meta name=\"twitter:card\" content=\"summary_large_image\" \/>\n<script type=\"application\/ld+json\" class=\"yoast-schema-graph\">{\"@context\":\"https:\/\/schema.org\",\"@graph\":[{\"@type\":\"WebPage\",\"@id\":\"https:\/\/chitilahub.ro\/?page_id=19336\",\"url\":\"https:\/\/chitilahub.ro\/?page_id=19336\",\"name\":\"Evenimente - ChitillaHUB\",\"isPartOf\":{\"@id\":\"https:\/\/chitilahub.ro\/#website\"},\"primaryImageOfPage\":{\"@id\":\"https:\/\/chitilahub.ro\/?page_id=19336#primaryimage\"},\"image\":{\"@id\":\"https:\/\/chitilahub.ro\/?page_id=19336#primaryimage\"},\"thumbnailUrl\":\"https:\/\/chitilahub.ro\/wp-content\/uploads\/2025\/11\/571010474_122094030447095660_3309234397545326529_n-600x400.jpg\",\"datePublished\":\"2025-11-20T11:29:11+00:00\",\"dateModified\":\"2025-11-20T11:50:41+00:00\",\"breadcrumb\":{\"@id\":\"https:\/\/chitilahub.ro\/?page_id=19336#breadcrumb\"},\"inLanguage\":\"en-US\",\"potentialAction\":[{\"@type\":\"ReadAction\",\"target\":[\"https:\/\/chitilahub.ro\/?page_id=19336\"]}]},{\"@type\":\"ImageObject\",\"inLanguage\":\"en-US\",\"@id\":\"https:\/\/chitilahub.ro\/?page_id=19336#primaryimage\",\"url\":\"https:\/\/chitilahub.ro\/wp-content\/uploads\/2025\/11\/571010474_122094030447095660_3309234397545326529_n.jpg\",\"contentUrl\":\"https:\/\/chitilahub.ro\/wp-content\/uploads\/2025\/11\/571010474_122094030447095660_3309234397545326529_n.jpg\",\"width\":2048,\"height\":2048},{\"@type\":\"BreadcrumbList\",\"@id\":\"https:\/\/chitilahub.ro\/?page_id=19336#breadcrumb\",\"itemListElement\":[{\"@type\":\"ListItem\",\"position\":1,\"name\":\"Home\",\"item\":\"https:\/\/chitilahub.ro\/\"},{\"@type\":\"ListItem\",\"position\":2,\"name\":\"Evenimente\"}]},{\"@type\":\"WebSite\",\"@id\":\"https:\/\/chitilahub.ro\/#website\",\"url\":\"https:\/\/chitilahub.ro\/\",\"name\":\"ChitillaHUB\",\"description\":\"\",\"potentialAction\":[{\"@type\":\"SearchAction\",\"target\":{\"@type\":\"EntryPoint\",\"urlTemplate\":\"https:\/\/chitilahub.ro\/?s={search_term_string}\"},\"query-input\":{\"@type\":\"PropertyValueSpecification\",\"valueRequired\":true,\"valueName\":\"search_term_string\"}}],\"inLanguage\":\"en-US\"}]}<\/script>\n<!-- \/ Yoast SEO plugin. -->","yoast_head_json":{"title":"Evenimente - ChitillaHUB","robots":{"index":"index","follow":"follow","max-snippet":"max-snippet:-1","max-image-preview":"max-image-preview:large","max-video-preview":"max-video-preview:-1"},"canonical":"https:\/\/chitilahub.ro\/?page_id=19336","og_locale":"en_US","og_type":"article","og_title":"Evenimente - ChitillaHUB","og_description":"11:50 Scoala Gimnazial\u0103 nr.2 Chitila Consultare cu copii cu v\u00e2rste cuprinse \u00eentre 10\u201314 ani \u0219i ateliere de co-crea\u021bie \u2013 ora urmeaz\u0103 s\u0103 fie stabilit\u0103 \u00een func\u021bie de programul copiilor; 06 Dec Sat 11:00 Scoala Gimnazial\u0103 nr.2 Chitila Consultare cu locuitorii din ora\u0219ul Chitila \u0219i ateliere de co-crea\u021bie 07 Dec Sun 11:00 Scoala Gimnazial\u0103 nr.2 Chitila [&hellip;]","og_url":"https:\/\/chitilahub.ro\/?page_id=19336","og_site_name":"ChitillaHUB","article_modified_time":"2025-11-20T11:50:41+00:00","og_image":[{"url":"https:\/\/chitilahub.ro\/wp-content\/uploads\/2025\/11\/571010474_122094030447095660_3309234397545326529_n-600x400.jpg","type":"","width":"","height":""}],"twitter_card":"summary_large_image","schema":{"@context":"https:\/\/schema.org","@graph":[{"@type":"WebPage","@id":"https:\/\/chitilahub.ro\/?page_id=19336","url":"https:\/\/chitilahub.ro\/?page_id=19336","name":"Evenimente - ChitillaHUB","isPartOf":{"@id":"https:\/\/chitilahub.ro\/#website"},"primaryImageOfPage":{"@id":"https:\/\/chitilahub.ro\/?page_id=19336#primaryimage"},"image":{"@id":"https:\/\/chitilahub.ro\/?page_id=19336#primaryimage"},"thumbnailUrl":"https:\/\/chitilahub.ro\/wp-content\/uploads\/2025\/11\/571010474_122094030447095660_3309234397545326529_n-600x400.jpg","datePublished":"2025-11-20T11:29:11+00:00","dateModified":"2025-11-20T11:50:41+00:00","breadcrumb":{"@id":"https:\/\/chitilahub.ro\/?page_id=19336#breadcrumb"},"inLanguage":"en-US","potentialAction":[{"@type":"ReadAction","target":["https:\/\/chitilahub.ro\/?page_id=19336"]}]},{"@type":"ImageObject","inLanguage":"en-US","@id":"https:\/\/chitilahub.ro\/?page_id=19336#primaryimage","url":"https:\/\/chitilahub.ro\/wp-content\/uploads\/2025\/11\/571010474_122094030447095660_3309234397545326529_n.jpg","contentUrl":"https:\/\/chitilahub.ro\/wp-content\/uploads\/2025\/11\/571010474_122094030447095660_3309234397545326529_n.jpg","width":2048,"height":2048},{"@type":"BreadcrumbList","@id":"https:\/\/chitilahub.ro\/?page_id=19336#breadcrumb","itemListElement":[{"@type":"ListItem","position":1,"name":"Home","item":"https:\/\/chitilahub.ro\/"},{"@type":"ListItem","position":2,"name":"Evenimente"}]},{"@type":"WebSite","@id":"https:\/\/chitilahub.ro\/#website","url":"https:\/\/chitilahub.ro\/","name":"ChitillaHUB","description":"","potentialAction":[{"@type":"SearchAction","target":{"@type":"EntryPoint","urlTemplate":"https:\/\/chitilahub.ro\/?s={search_term_string}"},"query-input":{"@type":"PropertyValueSpecification","valueRequired":true,"valueName":"search_term_string"}}],"inLanguage":"en-US"}]}},"campaignId":"","_links":{"self":[{"href":"https:\/\/chitilahub.ro\/index.php?rest_route=\/wp\/v2\/pages\/19336","targetHints":{"allow":["GET"]}}],"collection":[{"href":"https:\/\/chitilahub.ro\/index.php?rest_route=\/wp\/v2\/pages"}],"about":[{"href":"https:\/\/chitilahub.ro\/index.php?rest_route=\/wp\/v2\/types\/page"}],"author":[{"embeddable":true,"href":"https:\/\/chitilahub.ro\/index.php?rest_route=\/wp\/v2\/users\/1"}],"replies":[{"embeddable":true,"href":"https:\/\/chitilahub.ro\/index.php?rest_route=%2Fwp%2Fv2%2Fcomments&post=19336"}],"version-history":[{"count":10,"href":"https:\/\/chitilahub.ro\/index.php?rest_route=\/wp\/v2\/pages\/19336\/revisions"}],"predecessor-version":[{"id":19353,"href":"https:\/\/chitilahub.ro\/index.php?rest_route=\/wp\/v2\/pages\/19336\/revisions\/19353"}],"wp:attachment":[{"href":"https:\/\/chitilahub.ro\/index.php?rest_route=%2Fwp%2Fv2%2Fmedia&parent=19336"}],"curies":[{"name":"wp","href":"https:\/\/api.w.org\/{rel}","templated":true}]}}